at is the hundreds digit of g?
8
Let l(i) be the first derivative of 5/3*i**3 - 21 + 2*i - 1/2*i**2. What is the units digit of l(-2)?
4
Suppose 181 = -6*j + 157. Let q(g) = 12*g**2 - g + 20. What is the units digit of q(j)?
6
Let m(h) = 2*h**2 - 2*h - 11. Let d be m(7). Let c = -73 + d. Suppose -o + 152 = z, 0*o + 4*o - 12 = c. What is the hundreds digit of z?
1
Suppose 6*k = 5*k - 236. Let z = k - -496. What is the tens digit of z?
6
Let j(v) be the second derivative of v**4/3 - 19*v**3/6 + 15*v**2/2 + 21*v. What is the units digit of j(-9)?
0
Let a(g) = g**3 - 14*g**2 + 2*g - 31. Let u be a(14). Let o be ((-4 - u)*3 - -4)*1092. Suppose 0 = 9*q - 3*q - o. What is the hundreds digit of q?
1
Let i(n) = 33*n - 16*n - 102*n - 3. What is the hundreds digit of i(-4)?
3
Let q be (-1 - 2/(-4))*(-10 - 0). Let u = 14 - 16. What is the units digit of (-5)/(q/u) - (-17 - 0)?
9
Suppose 35921*n = 35919*n + 16324. What is the hundreds digit of n?
1
Let g(x) = x**3 - 11*x**2 + 7*x - 49. Let n be g(11). Suppose -n*q + 609 = -27*q + 4*l, 3*q - 1857 = -2*l. What is the tens digit of q?
2
Suppose -630834 + 87603 = -65*z + 365664. What is the units digit of z?
3
Let s = 6661 + 971. What is the hundreds digit of s?
6
Let j(u) = 2*u**3 - 4*u**2 + 5*u + 3. Let d be j(5). Let q = -31 + -4. Let h = q + d. What is the tens digit of h?
4
Let a(l) = -20*l**3 - 28*l**2 - 43*l + 18. What is the hundreds digit of a(-7)?
8
Suppose -15*d - 254 = -17*d. Let w(z) = -4 + 132*z**2 + 1 - z**3 + z - d*z**2. What is the tens digit of w(-2)?
2
Let b = 54 - 52. Suppose 3*l = b*d - d + 1609, -d = -2*l + 1071. Suppose 3*t + 5*a - l = -t, -a - 130 = -t. What is the units digit of t?
2
Let k = -69 - -60. Let q be (-60)/k*((-45)/2 + 0). Let u = q - -327. What is the units digit of u?
7
Let k be (-7 - 0)*((-8)/28 - 0). What is the hundreds digit of k/14 - 22928/(-28)?
8
Let i(r) = 3 - 1 - 6 + 5. Let b(d) = 8*d + 5. Let h(j) = b(j) - 2*i(j). What is the hundreds digit of h(14)?
1
Let h(q) = 574*q**3 - q**2 - 6*q + 7. What is the tens digit of h(2)?
8
Suppose 0*u + 55005 = 5*u - 3*b, -2*u + 21986 = 2*b. What is the ten thousands digit of u?
1
Suppose 0 = -2*n + m + 1583, -3*m - 3 = 6. Suppose -n - 134 = -11*f. What is the tens digit of f?
8
Let q(w) = 5*w**2 - 13*w - 28. Let l be q(-11). Suppose -116 = 2*r - l. What is the tens digit of r?
0
Let s(r) = 1356*r**3 + 2*r**2 - 16*r + 68. What is the ten thousands digit of s(4)?
8
Let c(h) = -h - 1. Let a(k) = 2*k + 38. Let n(g) = a(g) + 4*c(g). Let m be n(16). What is the tens digit of (54 + m - -1)/(3/4)?
7
Let k be (-16*4)/((-4)/2). Suppose -3*j - 7 = q, q + 4 = 4*j + k. Suppose q*h - 96 - 720 = 0. What is the tens digit of h?
0
Suppose 6*o + 5*o - 33 = 0. Suppose 0 = g + o*m - 111 + 1, -2*m = -4. What is the units digit of g?
4
Suppose 3*s + 4*v - 4212 = 0, -v - 9316 = -4*s - 3700. Suppose 3*q - s = -408. What is the hundreds digit of q?
3
Suppose h - 10605 = -3*r, -5*r + 21313 = 2*h + 109. What is the tens digit of h?
8
Suppose -s = -5*r - 27 + 135, -86 = -4*r + s. Suppose r*a - 5103 = 9813. What is the units digit of a?
8
Suppose -37*t = -39*t + 16. Let i be (t - 78)*6/(-7). Suppose 0 = -0*h - 2*h + 3*q + i, -16 = -h + 5*q. What is the tens digit of h?
3
Suppose 2*b = 5*k + 191, -23*b = -19*b - 2*k - 374. Let d = 213 - b. What is the units digit of d?
0
Suppose 5*y = 2*b + 51771, 0*y - 4*b = -4*y + 41412. Suppose -18*x + y - 1643 = 0. What is the tens digit of x?
8
Suppose 4*u - 2 = 2*u. Let t(p) = 9*p**2 + 3*p. Let l be t(u). Suppose -l*o + 155 = -11*o. What is the tens digit of o?
5
Let g(f) = 147*f - 987. What is the units digit of g(16)?
5
Let s(o) = 57*o**2 - o. Suppose -2*r + 29 - 9 = -z, -r + 10 = 2*z. Let q = 11 - r. What is the tens digit of s(q)?
5
Let n(l) = -115*l - 6099. What is the thousands digit of n(-124)?
8
Let f = -121 + 123. Suppose -f*m - 360 = -q, q = -q + 5*m + 723. What is the units digit of q?
4
What is the hundreds digit of (-7)/((-18)/2 + 16797/1866)*-17?
0
Suppose 3*l - 279 = -6*z + z, 3*l = z - 63. Suppose -a - 3*j - 11 = 0, 3*a + 4*j + 10 = 2. Suppose z = c - a. What is the tens digit of c?
6
Suppose -16*z + 14*z = -4. Suppose -4*a = 4*y - 0*a - 24, y + z*a - 10 = 0. Suppose 5*o + 2*l - 398 = 0, y*o + 5*l = 6*o - 325. What is the tens digit of o?
8
Let b = -1901 + 3753. What is the units digit of b?
2
Suppose 0 = 14*t - 64*t + 250. Suppose -s + 3*m = -626, m + 1037 = -t*s + 4087. What is the units digit of s?
1
Let z be ((-2)/2)/(-1) + (-12)/4. Let j be (z - -1) + -2 - -3. What is the tens digit of (-6 + (j - -4))*(0 + -23)?
4
Suppose -2*t - 4*x = 1330, 3*x + 655 = -t - x. Let h = -477 - t. What is the hundreds digit of h?
1
Suppose -a = 4*d + 5, -1 = -4*d - 2*a - 11. Suppose d = -m + 4*j + j + 184, 4*j = 4*m - 656. What is the hundreds digit of m?
1
Suppose 60 = 2*c + 16. Let y = c - 53. Let r = y + 51. What is the tens digit of r?
2
Let a be (539/28)/((6/3)/(-8)). What is the units digit of (-2)/11 + (-4249)/a?
5
Suppose -2*a + 5*h - 15 = 0, -2*a + 3*h - 3 = 6. Suppose a = -25*t + 13610 + 8065. What is the units digit of t?
7
What is the units digit of (68 - 3)*(859824/(-40))/(-21)?
4
Let f(n) = 10295*n + 1557. What is the tens digit of f(3)?
4
Suppose 0*c = 5*j - 5*c, -3*j = -4*c. Let n be j/(-1) - (-14)/7. Suppose n*q + 300 = 6*q. What is the units digit of q?
5
Suppose 0 = 16*p + 61 - 509. Suppose -p*s = 303 - 13099. What is the units digit of s?
7
Let r be 551 + (3 - -3) + -5 - 3. Suppose -r = -5*i + 276. What is the tens digit of i?
6
Suppose 2*r = 3*x + r, -2*r - 1 = -5*x. Let h be x/(1 + (-588)/584). Suppose -138 = -4*f + h. What is the tens digit of f?
7
Let d(s) = 157*s**2 - 17*s + 15. What is the units digit of d(6)?
5
Let o = -1138 + 1611. Let x = o + -101. What is the tens digit of x?
7
Let v(t) = t**3 - 6*t**2 + 8*t + 15. Let n be v(4). What is the units digit of (-3)/n - (105/(-25))/1?
4
Suppose -y = -16 - 66. Suppose 2*d + 2*t - 96 = 0, -54 = -3*d + 5*t + y. What is the units digit of d?
7
Let o = 381 - 152. Suppose 1152 = -223*a + o*a. What is the hundreds digit of a?
1
Suppose -x = -2*v + 51, 6*x - 4*x + 46 = 2*v. Suppose g - 8*g = -v. Suppose -561 = k - g*k. What is the tens digit of k?
8
Let f(j) = -2*j**3 - 158*j**2 - 191*j - 883. What is the units digit of f(-78)?
7
Suppose 5*j + 296 = -2*m, j = -3*j + 4*m - 220. Suppose 0 = -a - s, 4*a - 6*s = -2*s + 24. Let x = a - j. What is the units digit of x?
1
Let b(g) be the second derivative of g**4/2 - g**3/6 - 3*g. Let v be 3/(8 + -35) + (-10)/(-9). What is the units digit of b(v)?
5
Let r(z) = 804*z**2 + 6*z - 7. Let n = 202 + -201. What is the units digit of r(n)?
3
Suppose -53 + 9 = -2*w. Let i = 24 - w. What is the hundreds digit of (175 + (-5 - -7))*i/3?
1
Suppose 43*x - 33*x + 17*x - 316062 = 0. What is the hundreds digit of x?
7
Suppose 4*v - v - 30 = 0. Suppose t - 6 - v = 0. Suppose c - 2*y - 41 = t, 3*y = 9. What is the units digit of c?
3
Let d be ((1 - 1) + 1)*3. Suppose o + 26 = 4*r + 7, 4*o - 5*r + 21 = 0. What is the tens digit of 91 + (-2 - 2) + o*d?
9
Let v = 47 - 47. Suppose 3*l = -0*l - 3*m + 1026, v = 5*l - 3*m - 1686. What is the tens digit of l?
3
Let k(v) = -2*v**3 + 29*v**2 + 10*v - 32. Suppose 10*s - 121 = 9. What is the tens digit of k(s)?
0
Let o(l) = l**2 + l - 10. Let c be o(8). Let n(a) = -155*a - 867. Let h be n(-6). Let r = c + h. What is the units digit of r?
5
Suppose -11*v = -1491 + 2132 - 13225. What is the units digit of v?
4
Let c(q) be the second derivative of -12*q**3 - 71*q**2 - 100*q. What is the hundreds digit of c(-13)?
7
Suppose 0 = 104*v - 107*v + 18. Let i(w) = 19*w**2 - 14*w + 4. What is the hundreds digit of i(v)?
6
Suppose -60 = 3*m + 57. Let o = m - -36. What is the units digit of ((-116)/o + -2)*(-48)/(-32)?
5
Let o = 371 + -366. Suppose -g + 710 = 2*m, -o*m + 2102 = 3*g - 6*m. What is the tens digit of g?
0
What is the ten thousands digit of 7*(3 - 4)*866*-7?
4
Suppose -3*y - 2*k = -11566, 4*k + 2711 = y - 1135. What is the thousands digit of y?
3
Suppose 29505 = 10*n - 13185. Suppose 0 = -16*q + n + 7011. What is the units digit of q?
5
Let i(j) = -112*j - 3. What is the hundreds digit of i(-3)?
3
What is the tens digit of 67796/3 + 10/(-12)*(-26)/65?
9
What is the units digit of 29339